6. Let a(b) = -152*b**2 - 32*b + 14. Let x(u) = -5*a(u) + 12*o(u). What is the remainder when 336 is divided by x(-1)?
24
Suppose 3*x = -4*v - 66, -1 - 43 = 2*x - v. Let n(g) = -5*g - 80. What is the remainder when 86 is divided by n(x)?
26
Let y(h) = 11*h**2 - 49*h + 31. Suppose -f + 3*f = 12. Calculate the remainder when y(0) is divided by 16/(-3)*f/(-4).
7
Suppose -43*c + 422 + 2115 = 0. What is the remainder when 277 is divided by c?
41
Let v(a) = -3*a**3 - 6*a**2 + 14*a + 47. What is the remainder when 302 is divided by v(-2)?
17
Calculate the remainder when (-6 + -1)/(-33 + (-615526)/(-18653)) is divided by 19.
15
Let g = -17358 + 17382. What is the remainder when 4268 is divided by g?
20
Suppose 117 = 24*a - 27. What is the remainder when 574 is divided by a?
4
Suppose -j + 54 = -5*u, 4*u - 9 = -3*j + 2*j. Let t(w) = -w**2 + 48*w + 22. Calculate the remainder when t(46) is divided by j.
27
Let c(y) = 5*y + 33. Suppose -3*o = n, 2*o + 18 + 7 = n. What is the remainder when c(n) is divided by 40 + (-5)/2*6/5?
34
Let w(f) = 165*f - 653. Calculate the remainder when 631 is divided by w(4).
1
Let q(v) = -v**3 - 10*v**2 + 7*v - 30. Let r be 22/(1/3*(7 - 13)). Calculate the remainder when 432 is divided by q(r).
12
Let x = 34 + -33. Let j be (-3 - -6)/((-1*x)/(-301)). Suppose -f = -5*u + j, -4*u + 897 = u - 4*f. What is the remainder when u is divided by 46?
43
Suppose -16*b + 8*b + 64 = 0. Suppose -b*k - 2*y + 1886 = -6*k, -5*y = 4*k - 3770. Calculate the remainder when k is divided by 79.
76
Let m be ((-4)/10)/((-14)/70). Let a(z) = 6 - 3*z + m + 2*z + 21. Calculate the remainder when 53 is divided by a(10).
15
Let y = -2387 - -4042. Suppose v = -3*v + 20, 4*a + 45 = -3*v. Calculate the remainder when (-12)/a + y/25 is divided by 7.
4
Let x = 5466 + -4982. Calculate the remainder when x is divided by 109.
48
Suppose -98 = -40*k + 26*k. Suppose c - 9 = 2*c - 5*v, -41 = -3*c - 2*v. Let u = -6 + c. Calculate the remainder when k is divided by u.
2
Let m = -14897 - -15045. Calculate the remainder when 18499 is divided by m.
147
Let n be (-926)/((-2)/(3/(-3))). Let i = n + 502. Calculate the remainder when i is divided by 11.
6
Let g(l) = 100*l - 3454. Calculate the remainder when 327 is divided by g(35).
5
Let f(x) = -x**3 + 2*x**2 + 49*x + 5. Let a be f(-6). Let s(h) = 4*h + 7. What is the remainder when 98 is divided by s(a)?
2
Let p(w) = w**3 + 5*w**2 - 3*w + 18. Let k be p(-6). Suppose -14*t + 9*t = k. What is the remainder when 24 is divided by ((-104)/(-4))/(2 - t)?
11
Suppose -v - 4*g + 101 = 0, -1291*g + 1290*g + 139 = 2*v. What is the remainder when 4808 is divided by v?
63
Let z = 4052 + -4017. What is the remainder when 549 is divided by z?
24
Let l = 1602 + -933. Let n = 95 + -74. Calculate the remainder when l is divided by n.
18
Let c(k) = -10*k**2 + 42*k + 8. Let a be c(5). Calculate the remainder when 53 is divided by (a - -20)/(3/(-2)).
5
Let n = -2582 - -4007. What is the remainder when n is divided by 55?
50
Let d = -150 + 186. Suppose -2*r = 41*o - d*o - 24, -4*r = 3*o - 34. What is the remainder when 146 is divided by r?
6
Let g = -34 + 200. Suppose q - 111 = -m - 66, m = 4*q - 10. What is the remainder when g is divided by m?
30
Let f be (-4)/(-18) + 3558/27. Let j = 274 - f. Suppose 15*h + 19*h = 1224. What is the remainder when j is divided by h?
34
Let z(w) = 174*w**2 - 29*w - 85. Calculate the remainder when z(-8) is divided by 185.
183
Let f = -9303 + 9321. Suppose 18 = -5*y - 7, -5*h + 5*y + 35 = 0. Calculate the remainder when f is divided by h.
0
What is the remainder when 520 is divided by (-708)/(-16) - -8*12/(-384)?
36
Let c = 968 - 933. What is the remainder when (-5)/3*(-840)/c is divided by 11?
7
Let x be ((-5)/25*118)/((-4)/10). Suppose -5*k = 5*h - 90, x = 3*k + 11*h - 9*h. What is the remainder when k is divided by 20?
3
Let v(b) = 16 - 74 + 24*b - 8*b + 5*b. Calculate the remainder when v(9) is divided by 50.
31
Suppose 0 = -28*p + 23*p + 250. Calculate the remainder when (-46)/(-4)*6/12*52 is divided by p.
49
Let g = 7800 - 7665. Calculate the remainder when 2429 is divided by g.
134
Suppose 9724 = -179*f + 247*f. What is the remainder when 323 is divided by f?
37
Let w = 207 + -207. Suppose 6*o = 3*m + 3*o - 15, w = -m + 2*o. What is the remainder when 49 is divided by m?
9
Suppose 324 = 6*q + 150. What is the remainder when (5 - 1)/(-3*2/(-147)) is divided by q?
11
Calculate the remainder when 156 is divided by 429/33*(14 - 6).
52
Suppose 45 = -12*z + 15*z - 3*i, 4*z - 2*i = 74. Calculate the remainder when 1301 is divided by z.
3
Suppose d + 29 = 4. Let t = d - -42. Calculate the remainder when 132 is divided by t.
13
Let b(s) = 2*s**3 - 18*s**2 - 45*s + 414. Calculate the remainder when (-2)/4 - (-147)/6 is divided by b(9).
6
Let g(t) = -t**2 + 16*t + 20. Let q(a) = a**2 + 30*a + 98. Let p be q(-27). What is the remainder when 30 is divided by g(p)?
0
Calculate the remainder when (-297154)/(-195) + (6 - 264/45) is divided by 118.
108
Let v(x) = -x**2 + 15*x + 3. Let u be v(15). Suppose u*o + 97 = 5*j, -4*j + o + 40 + 39 = 0. Let z = j + -12. What is the remainder when 37 is divided by z?
5
Let r = 300 + -280. Suppose 4*z + 65 = 3*w, r = -w + 4*w + 5*z. Calculate the remainder when 85 is divided by w.
10
Let o(z) = 3*z - 2. Let p be o(2). Suppose -d + p*d = -54. Let u(r) = -r**2 - 22*r - 25. Calculate the remainder when 139 is divided by u(d).
45
Let k(i) = i**3 - 13*i**2 - i + 30. Let w be k(13). Suppose -5*r + 7 - w = 0. What is the remainder when 56 is divided by 1/3*(58 - r)?
16
Let a(t) = 7017*t - 210503. Suppose -4*p + 296 = -0*p. Calculate the remainder when p is divided by a(30).
4
Let j = -473 - -490. What is the remainder when (-4 - (-35)/7)/(2/296) is divided by j?
12
Calculate the remainder when 7 is divided by (-3)/2*7*22/(-231).
0
Let i be 1 + -3 - ((-6 - -2) + 2). Suppose -5*f + 9*f - 420 = i. What is the remainder when f is divided by 12*-2*(-12)/8?
33
Calculate the remainder when ((-264)/60)/((15/2200)/(-3)) is divided by 81.
73
Suppose -295*q + 32244 = -292*q + 5*j, 3*q - 32271 = 4*j. What is the remainder when q is divided by 38?
37
Suppose -184*c + 30*c = 169*c - 48127. Suppose -5*b - 6 = -1. What is the remainder when c is divided by (38/8 + b)*4?
14
Let x = -11794 - -11834. Calculate the remainder when 262 is divided by x.
22
Suppose -7*k + 5*k + 183 = -5*u, k = -u + 81. Calculate the remainder when 117 is divided by (20/14)/(4/k).
27
Let l(f) = 5 + 1 + 25*f - 1. Suppose 56 = 18*v + 38. What is the remainder when 54 is divided by l(v)?
24
Calculate the remainder when ((0 - 1)*-3 - 4)*-2909 is divided by 12.
5
Let b = -20 - -28. Calculate the remainder when (-17)/((-374)/891)*(-4)/(-6) is divided by b.
3
Suppose 5*a = -p - 0*a - 27, 4*p = -3*a - 176. Suppose 5*v - 201 = 54. Let u = p + v. Calculate the remainder when u is divided by 4.
0
Let k = 0 - 1. What is the remainder when k/(-4) + 4400/64 is divided by (48/40)/(1/30)?
33
Suppose 7*a - 4 = 3*a. Calculate the remainder when 11 is divided by 1/2*14*a.
4
Let q be (-10)/80 - (-8610)/16. Suppose 0*y - 3*y = 5*j - 906, 3*j - q = y. Let z(s) = 3*s**2 + 157*s + 65. Calculate the remainder when j is divided by z(-52).
11
Suppose 0 = -17*j + 14*j - 60. Let i = j - -14. What is the remainder when 88 is divided by 10*((-21)/i + (0 - 2))?
13
Let x be 5/25*(0 - -15). Suppose -g + k + 10 = g, 0 = 2*g - x*k - 18. Suppose g*n - 26 = -11. What is the remainder when 12 is divided by n?
2
Let j = -178 - -118. Let y = -48 - j. Suppose -d + 4*p + 1 + 4 = 0, -d + 5 = 5*p. Calculate the remainder when y is divided by d.
2
Let w(o) = o**2 - 5*o + 9. Let d be w(3). Let v be (1 - -8) + -7 + d. Let k = 14 - v. What is the remainder when 15 is divided by k?
6
Suppose -5*f + 18 = -7, y = 3*f - 13. Suppose -4*q + 3*t = -y*t + 457, 0 = -q - 3*t - 127. Let x = 23 - q. What is the remainder when x is divided by 16?
13
Let l = -2351 - -2526. Calculate the remainder when 577 is divided by l.
52
Suppose 108 = 390*r - 381*r. Suppose -r*s + 8*s = -76. Calculate the remainder when 111 is divided by s.
16
Suppose -12*g + 1750 = 382. Calculate the remainder when 128 is divided by g.
14
Let f(t) = -2*t + 11. Let m be (-30)/14 - 15/(-105). What is the remainder wh